v and 2.
2
Let p = 36 + -21. What is the greatest common factor of p and 3?
3
Suppose 15 = 3*u - u - l, -2*l + 12 = 3*u. What is the highest common factor of 6 and u?
6
Suppose -12 = 4*a, -h = h + 2*a - 10. Let g(o) = -4*o - 4. Let r be g(-6). What is the greatest common divisor of r and h?
4
Suppose -o + 63 = 5*n, 4*n - 4*o = -n + 48. Calculate the greatest common divisor of n and 9.
3
Let q(y) = -y**3 - 2*y**2 - 3*y - 3. Let t be q(-2). What is the highest common divisor of 1 and t?
1
Suppose -21 - 23 = -2*y. What is the highest common divisor of y and 11?
11
Let a(r) = 5*r - 4 + 2*r - 3. Let p be a(13). Calculate the greatest common factor of 56 and p.
28
Suppose 5*h - 66 = -h. Calculate the greatest common factor of 121 and h.
11
Let k be 2 - 6 - 32/(-2). Calculate the greatest common divisor of k and 132.
12
Suppose 5*p = -0*p, 5*i = p + 20. Suppose -25 = -5*j - 5. What is the highest common divisor of j and i?
4
Suppose 0 = -2*i + j + 2, -5*i + 5 = -4*j + j. Let r(n) = 16*n**2 - n + 1. Let h be r(i). Calculate the highest common divisor of h and 4.
4
Let w be 0 - (-2 - (-5 - -4)). What is the highest common divisor of 1 and w?
1
Suppose 0 = -d - 4, -2*d = 2*w - 7*d - 32. Suppose -w*c + 7*c = 4. Calculate the greatest common factor of 2 and c.
2
Suppose -141 = -6*l - 15. Calculate the greatest common factor of l and 336.
21
Suppose -d + 5 = -u, 3*d - 4*d + 3*u + 9 = 0. Let r(c) = 4 + 0*c - c + 3*c. Let w be r(4). What is the highest common factor of w and d?
3
Let a(y) = -y**3 + 11*y**2 + 3*y + 3. Let c be a(11). Calculate the greatest common divisor of c and 36.
36
Let g be (3/9)/((-3)/(-18)). What is the highest common divisor of g and 3?
1
Suppose w - 6 = -2. Let u(a) = a + 12. Let b be u(-7). Suppose 3*l = -y + 18 + 4, -4*y + 54 = -b*l. Calculate the greatest common factor of w and y.
4
Let l(y) = 2*y + 2. Let s be l(2). Suppose p + 0*p = 127. Let g = -73 + p. What is the highest common divisor of s and g?
6
Suppose 4*d + 16 = -2*u, -3*d - 20 = 2*u + 2*d. Let q(w) = 10 + w + u - 3. Let r be q(-5). What is the greatest common divisor of r and 3?
1
Let z be (4 + 3 - 2) + -3. Suppose -z*k + 24 = k. What is the highest common factor of 20 and k?
4
Let d = -55 + 101. Calculate the highest common factor of d and 23.
23
Suppose 55 = -0*k + 11*k. What is the greatest common factor of 115 and k?
5
Let j(z) be the third derivative of 7*z**4/12 + 2*z**2. Let r be j(1). Calculate the highest common divisor of r and 21.
7
Suppose 0 = q + 2*q. Suppose -w + 4*o = -30, 3*w + 0*o - 3*o - 45 = q. Calculate the greatest common divisor of w and 30.
10
Suppose 5*y - f = f + 1068, -2*y + 440 = -4*f. Suppose 0 = 3*m - 85 - y. Calculate the highest common factor of 9 and m.
9
Let x be 3/(-12) + 98/8. Suppose -8 = -2*a - 4*v, 2*v = -a + 4*a - 44. Calculate the highest common factor of a and x.
12
Suppose -4*q + 140 = -2*q - 2*l, -l - 350 = -5*q. What is the highest common divisor of q and 10?
10
Let m = 11 - 19. Let s = m - -9. Calculate the highest common factor of 7 and s.
1
Let g be 3/6 + 13/2. Let u(i) = 2*i**3 - 1. Let x be u(1). What is the highest common factor of g and x?
1
Let j = 25 - -12. What is the highest common factor of 296 and j?
37
Suppose -o - 2*o + 4*x + 146 = 0, -2*o = 2*x - 116. What is the greatest common divisor of 6 and o?
6
Let u = 19 + 3. Calculate the highest common divisor of u and 198.
22
Suppose 4*p + 16 = -3*v - 14, v + 4*p + 10 = 0. Let i = 0 - v. Let r = 16 + -14. Calculate the highest common divisor of i and r.
2
Suppose -2*n + 15 = -p + 79, -3*p + 4*n + 194 = 0. Let d(o) = o. Let s be d(0). Let l = s + 6. Calculate the highest common factor of l and p.
6
Suppose 5*p + 4*b + 74 = -279, 5*p + 362 = -b. Let w = p - -109. Suppose 4*u - w = -4*r, 0*r - 5*r + 49 = u. What is the greatest common divisor of r and 15?
5
Let g = 6 + -10. Let n = g - -6. Suppose -5*p + 15 + 10 = 0. Calculate the highest common divisor of n and p.
1
Let f be ((-363)/22)/((-1)/4). Let y be 4*(2 - (-2)/(-2)). Suppose -5*k + 6 = -y*k. What is the greatest common divisor of f and k?
6
Let n be ((-32)/20)/((-1)/15). Calculate the highest common divisor of n and 60.
12
Let n = 148 + -123. Calculate the greatest common divisor of 25 and n.
25
Let l be ((-3 + -1)/(-2) - 0)*14. What is the highest common divisor of 112 and l?
28
Let h(d) = d**2 + 4*d + 1. Let x be h(-8). Suppose -2*b + 15 = -x. What is the greatest common factor of 48 and b?
24
Let o(r) = r**2 + 7*r + 9. Let m be o(-6). Let n be 1/m + (-627)/(-9). Suppose 0 = -3*s + 45 - 3. What is the greatest common factor of n and s?
14
Let b(z) = 2*z + z - 2*z. Let a be b(3). Suppose 4*i - 55 = a*u + 16, -5*u = -4*i + 81. Calculate the greatest common factor of i and 154.
14
Suppose -7 = -3*c + 17. Calculate the greatest common factor of 24 and c.
8
Suppose 29 = 5*d - 1. Let m = 5 + -2. Let g be m/9 - 11/(-3). What is the highest common factor of d and g?
2
Suppose 66 + 29 = 5*i. Suppose z + 2*u - 6 = 4*u, -5*u - 8 = z. Suppose 57 = q + z*q. What is the greatest common divisor of i and q?
19
Let w = -11 + 18. Let t = 5 - w. Let d(s) = 10*s**2 - s. Let h be d(t). Calculate the highest common factor of h and 21.
21
Let o = 95 - 30. Suppose -16 = -m - 3. Calculate the greatest common divisor of o and m.
13
Let j be 10/35 - 141/(-21). Let i = -99 - -183. Suppose -5*r + 2*r = -i. Calculate the greatest common factor of r and j.
7
Let s(j) = 19*j**2 - j - 1. Let h be s(-2). What is the highest common divisor of h and 11?
11
Let w(s) = s**3 - 8*s**2 + 12*s + 3. Let z be w(7). Calculate the greatest common divisor of 2 and z.
2
Let t = 0 - -22. What is the highest common divisor of 33 and t?
11
Let j(k) = k + 3. Let x be j(1). Calculate the greatest common divisor of 2 and x.
2
Let i(o) = -3*o - 4. Let a be i(-7). Let v(u) = -7*u**3 - u + 1. Let s be v(1). Let b be (-474)/s + 4/14. What is the highest common factor of a and b?
17
Let x(r) = r + r**3 - 3 + r**3 + 4*r**2 + 1 - r**3. Let z be x(-3). Let j be ((-2)/(-1) - z) + 35. What is the highest common divisor of 3 and j?
3
Let n(i) = -i**2 - 1. Let d(x) = 8*x**2 - x + 4. Let z(u) = d(u) + 2*n(u). Let c be z(2). What is the highest common factor of 60 and c?
12
Suppose 4*i - 2*b = 19 + 75, 0 = 2*b - 2. Let q(j) = j**3 + 8*j**2 - 13*j - 12. Let r be q(-9). What is the highest common factor of i and r?
24
Suppose 6*d = 95 - 29. What is the greatest common factor of d and 22?
11
Let o(z) = 6*z + 2. Let f be o(5). Suppose 0*k = 2*k - f. Let s be 0 + k - (-1)/(-1). What is the highest common divisor of s and 105?
15
Let l(i) = i + 4. Let n be l(-8). Let s be (n/(-3))/((-18)/(-135)). Calculate the greatest common factor of 50 and s.
10
Suppose -3*a + 28 = -a. Suppose u - 11 = -0*z + 4*z, -16 = -2*u + 5*z. Let f be (u - 2) + 1 + 96. Calculate the greatest common factor of f and a.
14
Suppose 5*b = 68 + 102. Suppose b = 4*c - 3*a + 7, 2*a + 7 = -c. Calculate the highest common divisor of 21 and c.
3
Suppose -2*s = -3*s. Let r be (-15 - -27) + (s - 0). Calculate the highest common divisor of r and 4.
4
Let q(f) = f**2 + 10*f + 7. Let c be q(-8). Let h be (-106)/c + (-26)/(-117). Calculate the highest common factor of h and 108.
12
Let x(q) = 32*q**3 + q**2 - 1. Let o be x(1). Calculate the greatest common factor of o and 64.
32
Let y be ((-18)/(-3))/(-2)*-1. What is the highest common divisor of y and 33?
3
Let d be 2 - (3 - (2 + 1)). Calculate the highest common factor of 6 and d.
2
Suppose 2*q - q = 2*c + 16, -5*c + 70 = 3*q. Suppose d - q = -4*d. What is the highest common divisor of 44 and d?
4
Let p be (-3)/7 + (-656)/(-28) + 1. What is the greatest common factor of p and 12?
12
Let z(d) = -d**3 - 6*d**2 - 4*d - 2. Let l be z(-6). What is the highest common divisor of 33 and l?
11
Suppose 0 = 6*v - 3*v - 6. Let l = 8 + v. Let f = -3 + l. What is the highest common divisor of 21 and f?
7
Let k(u) = u**3 - 3*u**2 + 4*u + 5. Let d be k(4). Suppose 4*r - 5*m - d = 0, r - 1 - 15 = -m. Calculate the highest common factor of r and 143.
13
Let r be (7/2)/(2/4). Let m = -5 + 8. Suppose 0 = 4*f - 4, -33 = -d + m*f - 8. What is the greatest common divisor of r and d?
7
Suppose -9*x + 858 + 663 = 0. Calculate the highest common factor of 13 and x.
13
Suppose 0*d - 2*d + 4 = 